{"id":218,"date":"2012-01-16T01:53:40","date_gmt":"2012-01-16T00:53:40","guid":{"rendered":"http:\/\/www.bmwe21.net\/?page_id=218"},"modified":"2020-11-19T23:16:26","modified_gmt":"2020-11-19T22:16:26","slug":"bmw-e21-club-nederland","status":"publish","type":"page","link":"https:\/\/www.bmwe21.net\/?page_id=218","title":{"rendered":"E21 Clubs"},"content":{"rendered":"<p><a title=\"najaarstoerrit, klik voor vergroting\" href=\"http:\/\/files.bmwclassic.nl\/110423_tour_NH\/9635.jpg\" target=\"_blank\" rel=\"noopener noreferrer\"><img loading=\"lazy\" decoding=\"async\" class=\"alignnone\" src=\"http:\/\/files.bmwclassic.nl\/110423_tour_NH\/9635.jpg\" alt=\"\" width=\"645\" height=\"428\"><\/a><\/p>\n<p><span style=\"color: #0000ff;\"><strong>Wereldwijd<\/strong><\/span><\/p>\n<p style=\"text-align: justify;\">Ondanks een grote schare E21 fanaten is er wereldwijd nog niet \u00e9\u00e9n offici\u00eble E21 club te vinden. In veel gevallen vindt men onderdak bij een groter geheel zoals bij de <a href=\"http:\/\/www.3er-club.de\/\" target=\"_blank\" rel=\"noopener noreferrer\">3-serie club<\/a> in Duitsland. In Itali\u00eb is er een groepje liefhebbers die zich de <a href=\"http:\/\/www.bmwe21fansclub.it\/\" target=\"_blank\" rel=\"noopener noreferrer\">E21 fansclub<\/a> noemt maar geen club is (overigens wel een informatieve site heeft, echter uitsluitend in het Italiaans).<\/p>\n<p style=\"text-align: justify;\">In Nederland maar ook daarbuiten treffen de meeste E21 eigenaren elkaar op www.bmwe21.net! Zo hebben de contacten opgedaan via het <a href=\"https:\/\/www.bmwe21.net\/forum\/\" target=\"_blank\" rel=\"noopener noreferrer\">forum<\/a> al geleid tot diverse meetings in onder andere Engeland, Australi\u00eb en uiteraard ook in Nederland en Belgi\u00eb.<\/p>\n<p><img loading=\"lazy\" decoding=\"async\" class=\"alignnone\" src=\"http:\/\/files.bmwclassic.nl\/E21\/Roosendaal.jpg\" alt=\"\" width=\"640\" height=\"426\"><\/p>\n<p><span style=\"color: #0000ff;\"><strong>Nederland en Belgi\u00eb<br \/>\n<\/strong><\/span><\/p>\n<p style=\"text-align: justify;\">Reeds meermaals is overwogen om een offici\u00eble E21 club op te richten en is ge\u00efnventariseerd wat de actieve E21 fanaten verwachtten. Dat leverde twee wensen op:<\/p>\n<p style=\"text-align: justify;\">1. Een interactief communicatiemiddel om ervaringen te kunnen uitwisselen, en antwoord te krijgen op modelspecifieke vragen. Een behoefte waarin middels de fora van bmwe21.net reeds in is voorzien.<\/p>\n<p style=\"text-align: justify;\">2. Meetings en toerritten. En ook deze worden vanuit bmwe21.net reeds op regelmatige basis georganiseerd in Nederland en Belgi\u00eb, en met aanzienlijke aantallen deelnemers!<\/p>\n<p style=\"text-align: justify;\">En in de huidige vorm gaat het zelfs verder: stickers en t-shirts zijn reeds volop in omloop, technische dagen, een bezoek aan het BMW Museum in M\u00fcnchen, toerritten naar bijvoorbeeld de Alpen, de Ardennen en de Eifel maar ook diverse fraaie dagtrips in eigen land!<\/p>\n<p style=\"text-align: justify;\"><a href=\"http:\/\/www.bmwe21.net\/temp\/080906_Lelystad\/Dsc_1297.jpg\" target=\"_blank\" rel=\"noopener noreferrer\"><img loading=\"lazy\" decoding=\"async\" class=\"alignnone\" src=\"http:\/\/www.bmwe21.net\/temp\/080906_Lelystad\/Dsc_1297.jpg\" alt=\"\" width=\"640\" height=\"426\"><\/a><\/p>\n<p style=\"text-align: justify;\">Op het gebied van meetings organiseert een team vanuit bmwe21.net sinds 2010 de <a href=\"http:\/\/www.sharknosemeeting.com\/\" target=\"_blank\" rel=\"noopener noreferrer\">Sharknose Meeting<\/a>, een internationaal evenement dat doorgaans in Nederland wordt georganiseerd. Inmiddels brengt dit evenement jaarlijks honderden sharknoses bij elkaar en daarmee behoort het tot de wereldwijde top 5 van evenementen voor klassieke en youngtimer BMW\u2019s!<\/p>\n<p style=\"text-align: justify;\"><a href=\"http:\/\/files.bmwclassic.nl\/120526_SM\/3376.jpg\" target=\"_blank\" rel=\"noopener noreferrer\"><img loading=\"lazy\" decoding=\"async\" class=\"alignnone\" src=\"http:\/\/files.bmwclassic.nl\/120526_SM\/3376.jpg\" alt=\"\" width=\"645\" height=\"428\"><\/a><\/p>\n<p style=\"text-align: justify;\">Waar in het verleden sterk de behoefte bestond aan een clubblad (de verzorging hiervan is een inspannende en kostbare gelegenheid, kan ik uit ervaring vertellen), tegenwoordig verloopt de elektronische communicatie sneller, interactiever en meer flexibel.<\/p>\n<p style=\"text-align: justify;\">Om kort te gaan, als er goede overwegingen zijn om een club op te gaan richten willen we dat zeker overwegen, maar op dit moment zien we daar nog geen aanleiding toe. Via bmwe21.net is alles binnen handbereik om samen van de E21 hobby te kunnen genieten!<\/p>\n<p>Rechtstreekse link naar het Nederlandse forum:<br \/>\n<a href=\"https:\/\/www.bmwe21.net\/forum\/viewforum.php?f=30\" target=\"_blank\" rel=\"noopener noreferrer\">https:\/\/www.bmwe21.net\/forum\/viewforum.php?f=30<\/a><\/p>\n","protected":false},"excerpt":{"rendered":"<p>Wereldwijd Ondanks een grote schare E21 fanaten is er wereldwijd nog niet \u00e9\u00e9n offici\u00eble E21 club te vinden. In veel gevallen vindt men onderdak bij een groter geheel zoals bij de 3-serie club in Duitsland. In Itali\u00eb is er een &hellip; <a href=\"https:\/\/www.bmwe21.net\/?page_id=218\">Continue reading <span class=\"meta-nav\">&rarr;<\/span><\/a><\/p>\n","protected":false},"author":1,"featured_media":0,"parent":0,"menu_order":0,"comment_status":"closed","ping_status":"open","template":"","meta":{"ngg_post_thumbnail":0,"footnotes":""},"class_list":["post-218","page","type-page","status-publish","hentry"],"_links":{"self":[{"href":"https:\/\/www.bmwe21.net\/index.php?rest_route=\/wp\/v2\/pages\/218","targetHints":{"allow":["GET"]}}],"collection":[{"href":"https:\/\/www.bmwe21.net\/index.php?rest_route=\/wp\/v2\/pages"}],"about":[{"href":"https:\/\/www.bmwe21.net\/index.php?rest_route=\/wp\/v2\/types\/page"}],"author":[{"embeddable":true,"href":"https:\/\/www.bmwe21.net\/index.php?rest_route=\/wp\/v2\/users\/1"}],"replies":[{"embeddable":true,"href":"https:\/\/www.bmwe21.net\/index.php?rest_route=%2Fwp%2Fv2%2Fcomments&post=218"}],"version-history":[{"count":20,"href":"https:\/\/www.bmwe21.net\/index.php?rest_route=\/wp\/v2\/pages\/218\/revisions"}],"predecessor-version":[{"id":1386,"href":"https:\/\/www.bmwe21.net\/index.php?rest_route=\/wp\/v2\/pages\/218\/revisions\/1386"}],"wp:attachment":[{"href":"https:\/\/www.bmwe21.net\/index.php?rest_route=%2Fwp%2Fv2%2Fmedia&parent=218"}],"curies":[{"name":"wp","href":"https:\/\/api.w.org\/{rel}","templated":true}]}}

<p><a title="najaarstoerrit, klik voor vergroting" href="http://files.bmwclassic.nl/110423_tour_NH/9635.jpg" target="_blank" rel="noopener noreferrer"><img loading="lazy" decoding="async" class="alignnone" src="http://files.bmwclassic.nl/110423_tour_NH/9635.jpg" alt="" width="645" height="428"></a></p>
<p><span style="color: #0000ff;"><strong>Wereldwijd</strong></span></p>
<p style="text-align: justify;">Ondanks een grote schare E21 fanaten is er wereldwijd nog niet één officiële E21 club te vinden. In veel gevallen vindt men onderdak bij een groter geheel zoals bij de <a href="http://www.3er-club.de/" target="_blank" rel="noopener noreferrer">3-serie club</a> in Duitsland. In Italië is er een groepje liefhebbers die zich de <a href="http://www.bmwe21fansclub.it/" target="_blank" rel="noopener noreferrer">E21 fansclub</a> noemt maar geen club is (overigens wel een informatieve site heeft, echter uitsluitend in het Italiaans).</p>
<p style="text-align: justify;">In Nederland maar ook daarbuiten treffen de meeste E21 eigenaren elkaar op www.bmwe21.net! Zo hebben de contacten opgedaan via het <a href="https://www.bmwe21.net/forum/" target="_blank" rel="noopener noreferrer">forum</a> al geleid tot diverse meetings in onder andere Engeland, Australië en uiteraard ook in Nederland en België.</p>
<p><img loading="lazy" decoding="async" class="alignnone" src="http://files.bmwclassic.nl/E21/Roosendaal.jpg" alt="" width="640" height="426"></p>
<p><span style="color: #0000ff;"><strong>Nederland en België<br />
</strong></span></p>
<p style="text-align: justify;">Reeds meermaals is overwogen om een officiële E21 club op te richten en is geïnventariseerd wat de actieve E21 fanaten verwachtten. Dat leverde twee wensen op:</p>
<p style="text-align: justify;">1. Een interactief communicatiemiddel om ervaringen te kunnen uitwisselen, en antwoord te krijgen op modelspecifieke vragen. Een behoefte waarin middels de fora van bmwe21.net reeds in is voorzien.</p>
<p style="text-align: justify;">2. Meetings en toerritten. En ook deze worden vanuit bmwe21.net reeds op regelmatige basis georganiseerd in Nederland en België, en met aanzienlijke aantallen deelnemers!</p>
<p style="text-align: justify;">En in de huidige vorm gaat het zelfs verder: stickers en t-shirts zijn reeds volop in omloop, technische dagen, een bezoek aan het BMW Museum in München, toerritten naar bijvoorbeeld de Alpen, de Ardennen en de Eifel maar ook diverse fraaie dagtrips in eigen land!</p>
<p style="text-align: justify;"><a href="http://www.bmwe21.net/temp/080906_Lelystad/Dsc_1297.jpg" target="_blank" rel="noopener noreferrer"><img loading="lazy" decoding="async" class="alignnone" src="http://www.bmwe21.net/temp/080906_Lelystad/Dsc_1297.jpg" alt="" width="640" height="426"></a></p>
<p style="text-align: justify;">Op het gebied van meetings organiseert een team vanuit bmwe21.net sinds 2010 de <a href="http://www.sharknosemeeting.com/" target="_blank" rel="noopener noreferrer">Sharknose Meeting</a>, een internationaal evenement dat doorgaans in Nederland wordt georganiseerd. Inmiddels brengt dit evenement jaarlijks honderden sharknoses bij elkaar en daarmee behoort het tot de wereldwijde top 5 van evenementen voor klassieke en youngtimer BMW’s!</p>
<p style="text-align: justify;"><a href="http://files.bmwclassic.nl/120526_SM/3376.jpg" target="_blank" rel="noopener noreferrer"><img loading="lazy" decoding="async" class="alignnone" src="http://files.bmwclassic.nl/120526_SM/3376.jpg" alt="" width="645" height="428"></a></p>
<p style="text-align: justify;">Waar in het verleden sterk de behoefte bestond aan een clubblad (de verzorging hiervan is een inspannende en kostbare gelegenheid, kan ik uit ervaring vertellen), tegenwoordig verloopt de elektronische communicatie sneller, interactiever en meer flexibel.</p>
<p style="text-align: justify;">Om kort te gaan, als er goede overwegingen zijn om een club op te gaan richten willen we dat zeker overwegen, maar op dit moment zien we daar nog geen aanleiding toe. Via bmwe21.net is alles binnen handbereik om samen van de E21 hobby te kunnen genieten!</p>
<p>Rechtstreekse link naar het Nederlandse forum:<br />
<a href="https://www.bmwe21.net/forum/viewforum.php?f=30" target="_blank" rel="noopener noreferrer">https://www.bmwe21.net/forum/viewforum.php?f=30</a></p>

<p>Wereldwijd Ondanks een grote schare E21 fanaten is er wereldwijd nog niet één officiële E21 club te vinden. In veel gevallen vindt men onderdak bij een groter geheel zoals bij de 3-serie club in Duitsland. In Italië is er een &hellip; <a href="https://www.bmwe21.net/?page_id=218">Continue reading <span class="meta-nav">&rarr;</span></a></p>
